t is h(-16)?
-119
Suppose -2736*s - 99 - 63 = -2709*s. Let k(f) = -f**3 - 6*f**2 - 4*f - 21. Give k(s).
3
Let i(r) = -134*r - 114. Let u(n) = -49*n - 38. Let b(f) = 4*i(f) - 11*u(f). Give b(10).
-8
Let h(k) be the first derivative of -k**4/4 - 5*k**3/3 + 15*k**2/2 + 18*k + 1164. What is h(-7)?
11
Let g(a) = 30*a**3 + 17*a**2 - 42*a - 2. Let i(m) = -13*m**3 - 9*m**2 + 18*m + 1. Let p(f) = 3*g(f) + 7*i(f). Give p(-12).
1
Let q(v) be the third derivative of -3*v**2 + 0 + 1/24*v**4 + 0*v + 1/3*v**3. Let y(g) = -2*g**3 - 10*g**2 + 13*g + 6. Let r be y(-6). Give q(r).
2
Let a(v) = 3296158 + 7*v**2 - 2*v**3 - 17*v + 3*v**3 - 3296168. Calculate a(-9).
-19
Let v(z) = 33 - 3 - 9 + 2*z + 12. Let k be v(-16). Let q(g) = -13*g**2 - 8*g + 4. Let t(r) = -12*r**2 - 6*r + 3. Let o(l) = 4*q(l) - 5*t(l). Determine o(k).
7
Let m(p) = -2*p**2 - 30*p - 23. Let h be m(-14). Let o(j) = -5*j + 18. Let q(u) = -9*u + 34. Let s(b) = h*o(b) - 3*q(b). Determine s(7).
2
Suppose c - 5 = 10*z - 13*z, -c + 9 = 5*z. Suppose -i - 2*i = -z*i. Let a(o) = o**3 - o**2 + 25. Give a(i).
25
Let g(x) = 4*x + 2. Suppose 222 = b + 51. Let h = -180 + b. Calculate g(h).
-34
Let z(b) = -3*b**3 - 23*b**2 + 10*b + 11. Let u be z(-8). Let n(q) = -q**3 - 2*q**2 + 7*q + 14. What is n(u)?
54
Let t(p) = 58 + 75 + p + 61 - 7*p - 65. Give t(19).
15
Let q(c) be the first derivative of 4*c**3/3 + 3*c**2/2 - 2*c - 186. Suppose 1 = f + k, -4 = -4*f - 37*k + 32*k. What is q(f)?
5
Let v(g) = 14*g**3 + 4*g**2 - 27*g + 18. Let o(f) = -5*f**3 - 2*f**2 + 9*f - 6. Let d = -475 + 486. Let t(u) = d*o(u) + 4*v(u). Determine t(7).
-8
Suppose 193*z + 718*z = 1822. Let x(o) = 7*o**3 + 15*o**2 + 13*o - 4. Let k(i) = -3*i**3 - 7*i**2 - 6*i + 2. Let w(u) = -9*k(u) - 4*x(u). What is w(z)?
6
Let p(d) = 44*d**2 - 181 + 4*d + 169 - 83*d**2 + 38*d**2. Calculate p(8).
-44
Let f(z) = -41719*z + 11*z**2 - 5 + 4 + 41713*z + 7 - z**3. What is f(10)?
46
Let q(z) = -23*z - 208. Suppose 26*j = -64*j - 810. Calculate q(j).
-1
Let k(x) = 0*x - 9 + 3*x**2 + 3*x**2 + 13*x - 4*x**2 - 8. What is k(-9)?
28
Let n(o) = 3*o**3 + 5*o**2 + 5*o + 3. Suppose -24*j - 52 + 3 - 23 = 0. Determine n(j).
-48
Let k(x) = -x**3 - 7*x + 0*x**3 + 9*x**2 - 2*x**2 + 5. Suppose 205*f + 39 = 218*f. Let c be (-8 - -20)/(f/(-1) + 5). Determine k(c).
-1
Let u(g) = g**2 + 4*g - 42. Let j(v) = 13*v**2 + 57*v + 25. Let z be j(-4). Give u(z).
3
Let n(v) = 2*v + 11. Let q = -26 + 29. Let j be n(q). Let k(t) = -13*t + j*t - 13*t + t**2 + 8. Calculate k(6).
-10
Suppose -2*a - 25 - 23 = -52. Let f(o) be the third derivative of -1/3*o**3 - 7/60*o**5 + 1/120*o**6 + 0*o + 1/24*o**4 + 0 + 15*o**a. What is f(7)?
5
Let k(f) be the first derivative of -f**3/3 - 15*f**2/2 + 4*f + 2443. Determine k(-14).
18
Let r(o) = -o**2 + 4*o - 1. Suppose -2*p + 0*a + 5*a = -118, 59 = p + 5*a. Suppose -55*c = -p*c + 16. Determine r(c).
-1
Let c(g) = 9*g + 152. Let d be c(-16). Let k(b) be the first derivative of b**3/3 - 4*b**2 - 2*b - 137. What is k(d)?
-2
Suppose d = 96*x - 97*x + 4, -4*d - 32 = -4*x. Let g(f) be the third derivative of -f**4/12 - f**3/2 + 7*f**2. What is g(d)?
1
Let f(o) = 5*o**3 + 8*o**2 + 5*o + 8. Let q(w) = w. Let b(s) = s**3 + 2*s. Let m(i) = -b(i) + q(i). Let d(u) = f(u) + 4*m(u). What is d(-8)?
0
Suppose -2*c + 0*c = -8. Suppose 0 = 2*v + c*v. Let x(j) = 71 - 109 - j + 61. Determine x(v).
23
Suppose -20*b = -4*b - 64. Let y(j) = -9*j**2 - b + 5 - 16*j**2 + 2*j + 10*j**2. Suppose 2*r + 12 = -2*c, -3*r + 3*c + 7 = c. Determine y(r).
-16
Let q(x) be the second derivative of x**4/12 + 5*x**3/6 + 7*x**2/2 + 2*x. Let t = -649 + 654. Suppose t = d - 2*d. Determine q(d).
7
Suppose -63*l + 83 = 41*l - 21. Let w(t) = 9*t**3 + 2*t - 1. Give w(l).
10
Let s(j) = 16*j + 1. Suppose -3*f + 3*a = 0, 0 = -101*f + 106*f + 4*a - 9. Determine s(f).
17
Let r(s) be the second derivative of -s**4/6 + 29*s**3/6 + 5*s**2 + 3*s - 198. Calculate r(15).
-5
Let v(p) = -40*p - 36*p - 35*p - 2 + 107*p. Let u be (0 + 1)/((-3)/(-18)). Let d(y) = -y**3 + 7*y**2 - 7*y + 9. Let x be d(u). Calculate v(x).
-14
Let n(l) = l**3 + 6*l**2 - l - 5. Let o be 139/7 + (-6)/(-42). Let w be (-8)/o + (-34)/(-10) + -9. What is n(w)?
1
Suppose -4*d - 5*s + 34 = -2*s, 2*s + 24 = 4*d. Let b(i) = -15*i**2 + 5*i - 23. Let y(a) = 7*a**2 - 3*a + 11. Let v(w) = 6*b(w) + 13*y(w). What is v(d)?
-9
Let u(w) = 2*w + 4. Let a be 3/2*(9 - 7). Let r = 54 - 51. Suppose 3*f + a*g + r = -6, -5 = 2*f + 3*g. Calculate u(f).
-4
Let w = 2231 - 2226. Let b(n) = n**3 - 5*n**2 - 11*n + 7. Determine b(w).
-48
Let m be 1/(-2) - (-568)/16. Let p = m - 34. Suppose b + 3 - p = u, 3*u - 1 = 2*b. Let g(t) = -t**2 - 6*t + 6. Calculate g(b).
11
Let n be 4 + 0 + 0 + 14 - 2. Suppose -n*q - 11 = 5. Let z(o) = 4*o**2 + 2*o + 1. Calculate z(q).
3
Let i(j) = 11*j - 1. Let v be 16/(-40) + 7/5. Let q be v/((-4)/((-32)/4)). Let m be 4 + 0 + -7 + q. What is i(m)?
-12
Let t = 1688 + -330. Let a(y) = t*y - 678*y - 677*y + 6. Let v be -3 + 4/(-2 - 0). What is a(v)?
-9
Let o(h) = h**3 + 4*h**2 - 13*h + 2. Let s be -83 - -84 - (2/(-1) - 0). Calculate o(s).
26
Let c(o) = -o**2 + 26*o + 61. Let f be c(28). Let l(u) = -1 - 5721*u**2 + 5726*u**2 - 4 - u**3 + f*u. Let z = -12 - -18. Calculate l(z).
-11
Suppose -173 = g - 169. Let m(k) be the second derivative of k**5/10 + k**4/2 + k**3/2 + 3*k**2 + 16*k. What is m(g)?
-38
Let r(d) = -25*d - 2. Suppose 52*v - 74*v = -53 + 75. Give r(v).
23
Let o(j) = -130*j - 144. Let u(q) = -32*q - 33. Let r(m) = 2*o(m) - 9*u(m). Determine r(-2).
-47
Let d = 731 - 736. Let p be (1/(-1))/(2/(-8)). Let z(t) = -p*t**2 + 3*t**3 + 8*t**2 - 6*t - 2*t**3. What is z(d)?
5
Let s be (-1)/(-5) + 3 + (-10)/50. Let b(x) = 7 + 2*x**2 + 189*x**3 - 188*x**s + 5*x**2 + 6*x. Calculate b(-6).
7
Let u(b) = -61*b**2 + 8*b + 72. Let c(w) = 51*w**2 - 6*w - 71. Let t(x) = -6*c(x) - 5*u(x). Determine t(6).
6
Let z(y) = -y**3 + 2*y + 1. Let s(a) = a**3 - 5*a**2 + 6*a - 2. Let j be s(3). Let r be z(j). Let q(u) = -13*u + 4*u + 10*u - r. Give q(6).
1
Let x(h) be the third derivative of h**6/120 - h**5/10 + h**4/4 - h**3 + h**2. Let m be ((-10)/(-3))/(312/468). What is x(m)?
-1
Let h be ((-49)/(-21))/(14/(-6))*(-2)/6. Let g(s) be the first derivative of -2*s + 5/2*s**2 + 18 - h*s**3. What is g(5)?
-2
Let n(t) = t**2 + t + 4. Let p(k) = -2*k**2 + 22*k + 40. Let x(m) = m**2 - 9*m - 16. Let q(z) = -5*p(z) - 12*x(z). Let y(u) = 11*n(u) + 6*q(u). What is y(5)?
-34
Let f(s) = s**2 - s - 3. Let y be f(6). Suppose 0 = 5*l - 4*q - y, 4*q = -2*l - l + 29. Let o(p) = 4*p + 0*p - l*p + 6*p. Calculate o(-1).
-3
Suppose -6*v = 415 - 325. Let k(s) = -3*s**2 - 43*s + 29. Determine k(v).
-1
Let l(v) = v**2 + 2*v - 7. Let x(j) = j + 27. Let k be x(-16). Let m(p) = -8 + k - 4. Let f(y) = -l(y) + 3*m(y). What is f(-5)?
-11
Let t(d) be the first derivative of 3*d**2/2 + 16*d - 293. Calculate t(-4).
4
Let q be 2/(-3) + 2/(-6). Let o(m) = 30*m + 17. Let g(z) = 3*z + 3*z - 4 + 2*z + 3*z - 12*z. Let d(w) = -4*g(w) - o(w). Give d(q).
25
Suppose 4*x = -2*s + 6, 4*s + 5*x = -57 + 69. Let t(u) = u - 2. Let o be t(6). Let i(n) = 2*n + 202 + 7*n**2 - o*n - 210 + 4*n - n**s. Determine i(7).
6
Suppose 4*q + 15 - 59 = 5*m, -4 = -4*q. Let k(a) = a**3 + 9*a**2 + 12*a + 20. Determine k(m).
-12
Let j be (-2)/(-6)*(-2 - 31). Let k(x) be the third derivative of x**4/24 + x**3/6 + 15*x**2 + 5. Give k(j).
-10
Let q(h) = h**2 + 8*h + 1. Let r be q(-6). Let l(k) be the second derivative of -k**4/12 - 11*k**3/6 - 4*k**2 + 100048*k. Calculate l(r).
-8
Suppose -295 = -9*a + 4*a. Let r = a + -54. Let w(p) = 22 - r - p - 12. What is w(6)?
-1
Let v(q) = -q**3 + 4*q**2 + 8*q - 7. Let r be v(5). Let f(x) = -6*x - 232881*x**2 - 4*x - 3 + 232874*x**2 - 1 + x**3. Calculate f(r).
-20
Let i = 4019 - 4013. Let b(w) = 8*w - 61. Give b(i).
-13
Let k(j) = 3*j - 3. Let u(c) = 5*c - 13. Let b(r) = -6*k(r) + u(r). What is b(-7)?
96
Let f(r) = -5*r**2 - 86*r + 58. Let n(k) = -2*k**2 - 41*k + 29. Let h(s) = -7*f(s) + 15*n(s). Calculate h(3).
35
Let u(k) = -6*k**2 - 15*k - 8. Let t(s) = s**2 + 3*s. Let y(a) = 5*t(a) + u(a). Let l(q) = q - 5. Let r be l(7). Let x be (r - (-5)/(-2))*0. Give y(x).
-8
Suppose h = 9*d - 212, 126 = 5*d + h + 16. Let u(t) = t**3 - 24*t**2 + 22*t + 33. Determine u(d).
10
Let u(a) = 4*a - 147. Let h(n)